{"id":538,"date":"2015-02-14T08:59:00","date_gmt":"2015-02-14T08:59:00","guid":{"rendered":"http:\/\/demo.wpcharming.com\/construction\/?page_id=538"},"modified":"2020-08-09T22:56:43","modified_gmt":"2020-08-09T19:56:43","slug":"paksoy-enerji","status":"publish","type":"page","link":"https:\/\/www.paksoyenerji.com\/","title":{"rendered":"Ana Sayfa"},"content":{"rendered":"<div class=\"wpb-content-wrapper\"><p>[vc_row row_type=&#8221;row_full_center_content&#8221; class=&#8221;mobile-no-margin-top inverted-row&#8221;][vc_column width=&#8221;1\/4&#8243;]\n\t<div class=\"wpb_content_element featured-box \" >\n\t\t\t<div class=\"featured-box-thumb\"><a title=\"\" target=\"\" href=\"http:\/\/www.paksoyenerji.com\/index.php\/faaliyetlerimiz\/topraklama-ve-katodik-koruma-olcumu\/\"><img decoding=\"async\" src=\"https:\/\/www.paksoyenerji.com\/wp-content\/uploads\/2017\/07\/topraklama_olcum_raporu_kimler_verir-600x300.jpg\"><\/a>\n\t\t\t<\/div>\n\t\t\t<div class=\"featured-box-content\"><h4>Topraklama ve Katodik Koruma \u00d6l\u00e7\u00fcm\u00fc<\/h4>\n\t\t\t\t\t<div class=\"featured-box-desc\"><p>Hayat\u0131m\u0131z\u0131n merkezinde \u00f6nemli bir yeri olan elektri\u011fin, tedbir al\u0131nmadan kullan\u0131lmas\u0131 halinde insan g\u00fcvenli\u011fine b\u00fcy\u00fck bir tehdit olu\u015fturdu\u011funu g\u00f6z ard\u0131 edemeyiz.<\/p>\n\t\t\t\t\t<\/div>\n\t\t\t\t\t<div class=\"featured-box-button\">\n\t\t\t\t\t\t<a title=\"\" target=\"\" href=\"http:\/\/www.paksoyenerji.com\/index.php\/faaliyetlerimiz\/topraklama-ve-katodik-koruma-olcumu\/\" class=\"\">Devam\u0131...<\/a>\n\t\t\t\t\t<\/div>\n\t\t\t<\/div>\n\t<\/div>[\/vc_column][vc_column width=&#8221;1\/4&#8243;]\n\t<div class=\"wpb_content_element featured-box \" >\n\t\t\t<div class=\"featured-box-thumb\"><a title=\"\" target=\"\" href=\"http:\/\/www.paksoyenerji.com\/index.php\/faaliyetlerimiz\/enerji-kimlik-belgesi\/\"><img decoding=\"async\" src=\"https:\/\/www.paksoyenerji.com\/wp-content\/uploads\/2017\/07\/haberler158216-600x300.jpg\"><\/a>\n\t\t\t<\/div>\n\t\t\t<div class=\"featured-box-content\"><h4>Enerji Kimlik Belgesi<\/h4>\n\t\t\t\t\t<div class=\"featured-box-desc\"><p>\u201c5627 Say\u0131l\u0131 Enerji Verimlili\u011fi Kanunu\u201d ve buna ba\u011fl\u0131 olarak \u00e7\u0131kart\u0131lan \u201cBinalarda Enerji Performans\u0131 Y\u00f6netmeli\u011fi\u201d ne g\u00f6re, binalarda enerjinin ve enerji kaynaklar\u0131n\u0131n etkin ve verimli kullan\u0131lmas\u0131na, enerji israf\u0131n\u0131n \u00f6nlenmesine...<\/p>\n\t\t\t\t\t<\/div>\n\t\t\t\t\t<div class=\"featured-box-button\">\n\t\t\t\t\t\t<a title=\"\" target=\"\" href=\"http:\/\/www.paksoyenerji.com\/index.php\/faaliyetlerimiz\/enerji-kimlik-belgesi\/\" class=\"\">Devam\u0131...<\/a>\n\t\t\t\t\t<\/div>\n\t\t\t<\/div>\n\t<\/div>[\/vc_column][vc_column width=&#8221;1\/4&#8243;]\n\t<div class=\"wpb_content_element featured-box \" >\n\t\t\t<div class=\"featured-box-thumb\"><a title=\"\" target=\"\" href=\"http:\/\/www.paksoyenerji.com\/index.php\/faaliyetlerimiz\/yuksek-gerilim-isletme-sorumlulugu-hizmeti-trafo-bakim-musavirligi\/\"><img decoding=\"async\" src=\"https:\/\/www.paksoyenerji.com\/wp-content\/uploads\/2015\/02\/content_24-600x300.jpg\"><\/a>\n\t\t\t<\/div>\n\t\t\t<div class=\"featured-box-content\"><h4>Y\u00fcksek Gerilim \u0130\u015fletme Sorumlulu\u011fu (Trafo Bak\u0131m M\u00fc\u015favirli\u011fi)<\/h4>\n\t\t\t\t\t<div class=\"featured-box-desc\"><p>1 kV\u2019un \u00fcst\u00fcndeki y\u00fcksek gerilim tesislerinin i\u015fletme sorumlulu\u011funu \u00fcstlenen elektrik m\u00fchendislerinin...<\/p>\n\t\t\t\t\t<\/div>\n\t\t\t\t\t<div class=\"featured-box-button\">\n\t\t\t\t\t\t<a title=\"\" target=\"\" href=\"http:\/\/www.paksoyenerji.com\/index.php\/faaliyetlerimiz\/yuksek-gerilim-isletme-sorumlulugu-hizmeti-trafo-bakim-musavirligi\/\" class=\"\">Devam\u0131...<\/a>\n\t\t\t\t\t<\/div>\n\t\t\t<\/div>\n\t<\/div>[\/vc_column][vc_column width=&#8221;1\/4&#8243;]\n\t<div class=\"wpb_content_element featured-box \" >\n\t\t\t<div class=\"featured-box-thumb\"><a title=\"\" target=\"\" href=\"http:\/\/www.paksoyenerji.com\/index.php\/faaliyetlerimiz\/lpg-sorumlu-mudur-hizmeti\/\"><img decoding=\"async\" src=\"https:\/\/www.paksoyenerji.com\/wp-content\/uploads\/2017\/07\/lpg-logo-600x300.png\"><\/a>\n\t\t\t<\/div>\n\t\t\t<div class=\"featured-box-content\"><h4>LPG Sorumlu M\u00fcd\u00fcr Hizmeti<\/h4>\n\t\t\t\t\t<div class=\"featured-box-desc\"><p>Sorumlu m\u00fcd\u00fcr; 16 Aral\u0131k 2012 tarih ve 28499 say\u0131l\u0131 Resmi Gazete\u2019de yay\u0131mlanan \u201cS\u0131v\u0131la\u015ft\u0131r\u0131lm\u0131\u015f Petrol Gazlar\u0131 (LPG) Piyasas\u0131 E\u011fitim ve Sorumlu M\u00fcd\u00fcr Y\u00f6netmeli\u011fi\u201dnin 15. Maddesinde y\u00fck\u00fcml\u00fcl\u00fckleri...<\/p>\n\t\t\t\t\t<\/div>\n\t\t\t\t\t<div class=\"featured-box-button\">\n\t\t\t\t\t\t<a title=\"\" target=\"\" href=\"http:\/\/www.paksoyenerji.com\/index.php\/faaliyetlerimiz\/lpg-sorumlu-mudur-hizmeti\/\" class=\"\">Devam\u0131...<\/a>\n\t\t\t\t\t<\/div>\n\t\t\t<\/div>\n\t<\/div>[\/vc_column][\/vc_row][vc_row row_type=&#8221;row_full_center_content&#8221; bg_color=&#8221;#fab702&#8243; padding_top=&#8221;20&#8243; padding_bottom=&#8221;20&#8243;][vc_column width=&#8221;2\/3&#8243; el_class=&#8221;mobile-center&#8221;][vc_column_text]<\/p>\n<h3><span style=\"color: #ffffff; display: block; margin-top: 2px;\">Teklif Almak \u0130\u00e7in Bize Ula\u015f\u0131n<\/span><\/h3>\n<p>[\/vc_column_text][\/vc_column][vc_column width=&#8221;1\/3&#8243;][vc_button title=&#8221;\u0130leti\u015fim&#8221; color=&#8221;ghost&#8221; margin_top=&#8221;0&#8243; margin_bottom=&#8221;0&#8243; link=&#8221;url:http%3A%2F%2Fwww.paksoyenerji.com%2Findex.php%2Filetisim%2F|||&#8221; el_class=&#8221;right&#8221; target=&#8221;false&#8221;][\/vc_column][\/vc_row][vc_row row_type=&#8221;row_fullwidth_content&#8221; bg_color=&#8221;#222222&#8243; padding_top=&#8221;60&#8243; padding_bottom=&#8221;0&#8243; class=&#8221;fit-screen&#8221;][vc_column][\/vc_column][\/vc_row][vc_row row_type=&#8221;row_full_center_content&#8221;][vc_column]\n\t<div class=\"custom-heading wpb_content_element  heading-medium\">\n\t\t<h2 class=\"heading-title\" >Faaliyetlerimiz<\/h2>\n\t\t<span class=\"heading-line primary\"><\/span>\n\t<\/div>\n\t<div class=\"child-page-wrapper \">\n\t\t\t<script type=\"text\/javascript\">\n\t\t\t\tjQuery(document).ready(function(){\n\t\t\t\t\t\"use strict\";\n\t\t\t\t\tjQuery(\".carousel-wrapper-69fb222463a52\").slick({\n\t\t\t\t\t\trtl: false,\n\t\t\t\t\t\tslidesToShow: 5,\n                        autoplay: false ,\n                        autoplaySpeed: 3000 ,\n                        speed: 300 ,\n\t\t\t\t\t\tslidesToScroll: 1,\n\t\t\t\t\t\tdraggable: false,\n\t\t\t\t\t\tprevArrow: \"<span class='carousel-prev'><i class='fa fa-angle-left'><\/i><\/span>\",\n        \t\t\t\tnextArrow: \"<span class='carousel-next'><i class='fa fa-angle-right'><\/i><\/span>\",\n        \t\t\t\tresponsive: [{\n\t\t\t\t\t\t    breakpoint: 1024,\n\t\t\t\t\t\t    settings: {\n\t\t\t\t\t\t    slidesToShow: 5\n\t\t\t\t\t\t    }\n\t\t\t\t\t\t},\n\t\t\t\t\t\t{\n\t\t\t\t\t\t    breakpoint: 600,\n\t\t\t\t\t\t    settings: {\n\t\t\t\t\t\t    slidesToShow: 2\n\t\t\t\t\t\t    }\n\t\t\t\t\t\t},\n\t\t\t\t\t\t{\n\t\t\t\t\t\t    breakpoint: 480,\n\t\t\t\t\t\t    settings: {\n\t\t\t\t\t\t    slidesToShow: 1\n\t\t\t\t\t\t    }\n\t\t\t\t\t\t}]\n\t\t\t\t\t});\n\t\t\t\t});\n\t\t\t<\/script>\n\t\t<div class=\"grid-wrapper grid-5-columns grid-row carousel-wrapper-69fb222463a52\">\n\t\t\t<div class=\"grid-item grid-sm-6 grid-md-4\">\n\t\t\t\t<div class=\"grid-thumbnail\">\n\t\t\t\t\t<a href=\"https:\/\/www.paksoyenerji.com\/index.php\/faaliyetlerimiz\/yuksek-gerilim-isletme-sorumlulugu-hizmeti-trafo-bakim-musavirligi\/\" title=\"Y\u00fcksek Gerilim \u0130\u015fletme Sorumlulu\u011fu\"><img loading=\"lazy\" decoding=\"async\" width=\"600\" height=\"300\" src=\"https:\/\/www.paksoyenerji.com\/wp-content\/uploads\/2020\/09\/05c552a4a2f857647585612c331f0d91-600x300.jpg\" class=\"attachment-medium-thumb size-medium-thumb wp-post-image\" alt=\"\" srcset=\"https:\/\/www.paksoyenerji.com\/wp-content\/uploads\/2020\/09\/05c552a4a2f857647585612c331f0d91-600x300.jpg 600w, https:\/\/www.paksoyenerji.com\/wp-content\/uploads\/2020\/09\/05c552a4a2f857647585612c331f0d91-400x200.jpg 400w, https:\/\/www.paksoyenerji.com\/wp-content\/uploads\/2020\/09\/05c552a4a2f857647585612c331f0d91-800x400.jpg 800w\" sizes=\"auto, (max-width: 600px) 100vw, 600px\" \/><\/a>\n\t\t\t\t<\/div>\n\t\t\t\t<h3 class=\"grid-title\"><a href=\"https:\/\/www.paksoyenerji.com\/index.php\/faaliyetlerimiz\/yuksek-gerilim-isletme-sorumlulugu-hizmeti-trafo-bakim-musavirligi\/\" rel=\"bookmark\">Y\u00fcksek Gerilim \u0130\u015fletme Sorumlulu\u011fu<\/a><\/h3>\n\n\t\t\t\t<p>Y\u00dcKSEK GER\u0130L\u0130M \u0130\u015eLETME SORUMLULU\u011eU H\u0130ZMET\u0130 (Trafo Bak\u0131m M\u00fc\u015favirli\u011fi) Y\u00fcksek Gerilim \u0130\u015fletme Sorumlulu\u011fu Nedir? Zorunlu mudur? Elektrik Y\u00fcksek Gerilim Tesisleri\u2019nde can ve ...<\/p>\n\n\t\t\t\t<a class=\"grid-more\" href=\"https:\/\/www.paksoyenerji.com\/index.php\/faaliyetlerimiz\/yuksek-gerilim-isletme-sorumlulugu-hizmeti-trafo-bakim-musavirligi\/\" title=\"Y\u00fcksek Gerilim \u0130\u015fletme Sorumlulu\u011fu\">Devam\u0131...<\/a>\n\n\t\t\t<\/div>\n\t\t\t\n\t\t\t<div class=\"grid-item grid-sm-6 grid-md-4\">\n\t\t\t\t<div class=\"grid-thumbnail\">\n\t\t\t\t\t<a href=\"https:\/\/www.paksoyenerji.com\/index.php\/faaliyetlerimiz\/enerji-kimlik-belgesi\/\" title=\"Enerji Kimlik Belgesi\"><img loading=\"lazy\" decoding=\"async\" width=\"427\" height=\"300\" src=\"https:\/\/www.paksoyenerji.com\/wp-content\/uploads\/2020\/09\/ekb-nedir-e1601495435900-427x300.jpg\" class=\"attachment-medium-thumb size-medium-thumb wp-post-image\" alt=\"\" \/><\/a>\n\t\t\t\t<\/div>\n\t\t\t\t<h3 class=\"grid-title\"><a href=\"https:\/\/www.paksoyenerji.com\/index.php\/faaliyetlerimiz\/enerji-kimlik-belgesi\/\" rel=\"bookmark\">Enerji Kimlik Belgesi<\/a><\/h3>\n\n\t\t\t\t<p>B\u0130NALARDA ENERJ\u0130 K\u0130ML\u0130K BELGES\u0130 (EKB) NED\u0130R? \u201c5627 Say\u0131l\u0131Enerji Verimlili\u011fi Kanunu\u201d ve buna ba\u011fl\u0131 olarak \u00e7\u0131kart\u0131lan \u201cBinalarda Enerji Performans\u0131 Y\u00f6netmeli\u011fi\u201d ne g\u00f6re, ...<\/p>\n\n\t\t\t\t<a class=\"grid-more\" href=\"https:\/\/www.paksoyenerji.com\/index.php\/faaliyetlerimiz\/enerji-kimlik-belgesi\/\" title=\"Enerji Kimlik Belgesi\">Devam\u0131...<\/a>\n\n\t\t\t<\/div>\n\t\t\t\n\t\t\t<div class=\"grid-item grid-sm-6 grid-md-4\">\n\t\t\t\t<div class=\"grid-thumbnail\">\n\t\t\t\t\t<a href=\"https:\/\/www.paksoyenerji.com\/index.php\/faaliyetlerimiz\/topraklama-ve-katodik-koruma-olcumu\/\" title=\"Topraklama ve Katodik Koruma \u00d6l\u00e7\u00fcm\u00fc\"><img loading=\"lazy\" decoding=\"async\" width=\"600\" height=\"300\" src=\"https:\/\/www.paksoyenerji.com\/wp-content\/uploads\/2020\/09\/olcum-raporlama-600x300.jpg\" class=\"attachment-medium-thumb size-medium-thumb wp-post-image\" alt=\"\" srcset=\"https:\/\/www.paksoyenerji.com\/wp-content\/uploads\/2020\/09\/olcum-raporlama-600x300.jpg 600w, https:\/\/www.paksoyenerji.com\/wp-content\/uploads\/2020\/09\/olcum-raporlama-400x200.jpg 400w, https:\/\/www.paksoyenerji.com\/wp-content\/uploads\/2020\/09\/olcum-raporlama-800x400.jpg 800w\" sizes=\"auto, (max-width: 600px) 100vw, 600px\" \/><\/a>\n\t\t\t\t<\/div>\n\t\t\t\t<h3 class=\"grid-title\"><a href=\"https:\/\/www.paksoyenerji.com\/index.php\/faaliyetlerimiz\/topraklama-ve-katodik-koruma-olcumu\/\" rel=\"bookmark\">Topraklama ve Katodik Koruma \u00d6l\u00e7\u00fcm\u00fc<\/a><\/h3>\n\n\t\t\t\t<p>TOPRAKLAMA NED\u0130R? Topraklama, elektrik ile \u00e7al\u0131\u015fan cihazlar\u0131n olas\u0131 bir elektrik ka\u00e7a\u011f\u0131 tehlikesine kar\u015f\u0131 al\u0131nan hayati bir \u00f6nlemdir. Ka\u00e7ak elektri\u011fin bir iletkenle ...<\/p>\n\n\t\t\t\t<a class=\"grid-more\" href=\"https:\/\/www.paksoyenerji.com\/index.php\/faaliyetlerimiz\/topraklama-ve-katodik-koruma-olcumu\/\" title=\"Topraklama ve Katodik Koruma \u00d6l\u00e7\u00fcm\u00fc\">Devam\u0131...<\/a>\n\n\t\t\t<\/div>\n\t\t\t\n\t\t\t<div class=\"grid-item grid-sm-6 grid-md-4\">\n\t\t\t\t<div class=\"grid-thumbnail\">\n\t\t\t\t\t<a href=\"https:\/\/www.paksoyenerji.com\/index.php\/faaliyetlerimiz\/lpg-sorumlu-mudur-hizmeti\/\" title=\"LPG Sorumlu M\u00fcd\u00fcr Hizmeti\"><img loading=\"lazy\" decoding=\"async\" width=\"175\" height=\"137\" src=\"https:\/\/www.paksoyenerji.com\/wp-content\/uploads\/2020\/09\/lpg-sorumlu-mudur-e1601496160612.png\" class=\"attachment-medium-thumb size-medium-thumb wp-post-image\" alt=\"\" \/><\/a>\n\t\t\t\t<\/div>\n\t\t\t\t<h3 class=\"grid-title\"><a href=\"https:\/\/www.paksoyenerji.com\/index.php\/faaliyetlerimiz\/lpg-sorumlu-mudur-hizmeti\/\" rel=\"bookmark\">LPG Sorumlu M\u00fcd\u00fcr Hizmeti<\/a><\/h3>\n\n\t\t\t\t<p>LPG SORUMLU M\u00dcD\u00dcR H\u0130ZMET\u0130 Sorumlu m\u00fcd\u00fcr; 16 Aral\u0131k 2012 tarih ve 28499 say\u0131l\u0131 Resmi Gazete\u2019de yay\u0131mlanan \u201cS\u0131v\u0131la\u015ft\u0131r\u0131lm\u0131\u015f Petrol Gazlar\u0131 (LPG) Piyasas\u0131 ...<\/p>\n\n\t\t\t\t<a class=\"grid-more\" href=\"https:\/\/www.paksoyenerji.com\/index.php\/faaliyetlerimiz\/lpg-sorumlu-mudur-hizmeti\/\" title=\"LPG Sorumlu M\u00fcd\u00fcr Hizmeti\">Devam\u0131...<\/a>\n\n\t\t\t<\/div>\n\t\t\t\n\t\t\t<div class=\"grid-item grid-sm-6 grid-md-4\">\n\t\t\t\t<div class=\"grid-thumbnail\">\n\t\t\t\t\t<a href=\"https:\/\/www.paksoyenerji.com\/index.php\/faaliyetlerimiz\/is-guvenligi-egitimleri-ve-risk-analizi\/\" title=\"\u0130\u015f G\u00fcvenli\u011fi E\u011fitimleri ve Risk Analizi\"><img loading=\"lazy\" decoding=\"async\" width=\"600\" height=\"300\" src=\"https:\/\/www.paksoyenerji.com\/wp-content\/uploads\/2020\/09\/is-guvenligi-600x300.jpg\" class=\"attachment-medium-thumb size-medium-thumb wp-post-image\" alt=\"\" srcset=\"https:\/\/www.paksoyenerji.com\/wp-content\/uploads\/2020\/09\/is-guvenligi-600x300.jpg 600w, https:\/\/www.paksoyenerji.com\/wp-content\/uploads\/2020\/09\/is-guvenligi-400x200.jpg 400w, https:\/\/www.paksoyenerji.com\/wp-content\/uploads\/2020\/09\/is-guvenligi-800x400.jpg 800w\" sizes=\"auto, (max-width: 600px) 100vw, 600px\" \/><\/a>\n\t\t\t\t<\/div>\n\t\t\t\t<h3 class=\"grid-title\"><a href=\"https:\/\/www.paksoyenerji.com\/index.php\/faaliyetlerimiz\/is-guvenligi-egitimleri-ve-risk-analizi\/\" rel=\"bookmark\">\u0130\u015f G\u00fcvenli\u011fi E\u011fitimleri ve Risk Analizi<\/a><\/h3>\n\n\t\t\t\t<p>\u0130\u015e SA\u011eLI\u011eI VE G\u00dcVENL\u0130\u011e\u0130 NED\u0130R? \u0130\u015f yerindeki fiziki \u00e7evre \u015fartlar\u0131, \u00e7al\u0131\u015fma ortam\u0131 gibi sebeplerden \u00f6t\u00fcr\u00fc i\u015f\u00e7ilerin kar\u015f\u0131la\u015fabilecekleri sa\u011fl\u0131k sorunlar\u0131 ve mesleki ...<\/p>\n\n\t\t\t\t<a class=\"grid-more\" href=\"https:\/\/www.paksoyenerji.com\/index.php\/faaliyetlerimiz\/is-guvenligi-egitimleri-ve-risk-analizi\/\" title=\"\u0130\u015f G\u00fcvenli\u011fi E\u011fitimleri ve Risk Analizi\">Devam\u0131...<\/a>\n\n\t\t\t<\/div>\n\t\t\t\n\t\t\t<div class=\"grid-item grid-sm-6 grid-md-4\">\n\t\t\t\t<div class=\"grid-thumbnail\">\n\t\t\t\t\t<a href=\"https:\/\/www.paksoyenerji.com\/index.php\/faaliyetlerimiz\/kompanzasyon\/\" title=\"Kompanzasyon\"><img loading=\"lazy\" decoding=\"async\" width=\"600\" height=\"300\" src=\"https:\/\/www.paksoyenerji.com\/wp-content\/uploads\/2020\/09\/kompanzasyon-panosu--600x300.jpg\" class=\"attachment-medium-thumb size-medium-thumb wp-post-image\" alt=\"Paksoy Enerji Kompanzasyon\" srcset=\"https:\/\/www.paksoyenerji.com\/wp-content\/uploads\/2020\/09\/kompanzasyon-panosu--600x300.jpg 600w, https:\/\/www.paksoyenerji.com\/wp-content\/uploads\/2020\/09\/kompanzasyon-panosu--300x149.jpg 300w, https:\/\/www.paksoyenerji.com\/wp-content\/uploads\/2020\/09\/kompanzasyon-panosu--400x200.jpg 400w\" sizes=\"auto, (max-width: 600px) 100vw, 600px\" \/><\/a>\n\t\t\t\t<\/div>\n\t\t\t\t<h3 class=\"grid-title\"><a href=\"https:\/\/www.paksoyenerji.com\/index.php\/faaliyetlerimiz\/kompanzasyon\/\" rel=\"bookmark\">Kompanzasyon<\/a><\/h3>\n\n\t\t\t\t<p>KOMPANZASYON NED\u0130R? G\u00fcn\u00fcm\u00fczde elektrik \u015febekelerinin abone g\u00fc\u00e7lerinde s\u00fcrekli olarak bir art\u0131\u015f g\u00f6zlemlenmektedir. Bu nedenle reaktif y\u00fckler zamanla art\u0131\u015f g\u00f6sterir ve \u015febekenin ...<\/p>\n\n\t\t\t\t<a class=\"grid-more\" href=\"https:\/\/www.paksoyenerji.com\/index.php\/faaliyetlerimiz\/kompanzasyon\/\" title=\"Kompanzasyon\">Devam\u0131...<\/a>\n\n\t\t\t<\/div>\n\t\t\t\n\t\t<\/div>\n\t<\/div>[\/vc_column][\/vc_row]<\/p>\n<\/div>","protected":false},"excerpt":{"rendered":"<p>[vc_row row_type=&#8221;row_full_center_content&#8221; class=&#8221;mobile-no-margin-top inverted-row&#8221;][vc_column width=&#8221;1\/4&#8243;][\/vc_column][vc_column width=&#8221;1\/4&#8243;][\/vc_column][vc_column width=&#8221;1\/4&#8243;][\/vc_column][vc_column width=&#8221;1\/4&#8243;][\/vc_column][\/vc_row][vc_row row_type=&#8221;row_full_center_content&#8221; bg_color=&#8221;#fab702&#8243; padding_top=&#8221;20&#8243; padding_bottom=&#8221;20&#8243;][vc_column width=&#8221;2\/3&#8243; el_class=&#8221;mobile-center&#8221;][vc_column_text] Teklif Almak \u0130\u00e7in Bize Ula\u015f\u0131n [\/vc_column_text][\/vc_column][vc_column width=&#8221;1\/3&#8243;][vc_button &#8230;<\/p>\n","protected":false},"author":1,"featured_media":0,"parent":0,"menu_order":0,"comment_status":"closed","ping_status":"closed","template":"","meta":{"footnotes":""},"class_list":["post-538","page","type-page","status-publish","hentry"],"aioseo_notices":[],"_links":{"self":[{"href":"https:\/\/www.paksoyenerji.com\/index.php\/wp-json\/wp\/v2\/pages\/538","targetHints":{"allow":["GET"]}}],"collection":[{"href":"https:\/\/www.paksoyenerji.com\/index.php\/wp-json\/wp\/v2\/pages"}],"about":[{"href":"https:\/\/www.paksoyenerji.com\/index.php\/wp-json\/wp\/v2\/types\/page"}],"author":[{"embeddable":true,"href":"https:\/\/www.paksoyenerji.com\/index.php\/wp-json\/wp\/v2\/users\/1"}],"replies":[{"embeddable":true,"href":"https:\/\/www.paksoyenerji.com\/index.php\/wp-json\/wp\/v2\/comments?post=538"}],"version-history":[{"count":49,"href":"https:\/\/www.paksoyenerji.com\/index.php\/wp-json\/wp\/v2\/pages\/538\/revisions"}],"predecessor-version":[{"id":1164,"href":"https:\/\/www.paksoyenerji.com\/index.php\/wp-json\/wp\/v2\/pages\/538\/revisions\/1164"}],"wp:attachment":[{"href":"https:\/\/www.paksoyenerji.com\/index.php\/wp-json\/wp\/v2\/media?parent=538"}],"curies":[{"name":"wp","href":"https:\/\/api.w.org\/{rel}","templated":true}]}}